0*v + 2*v - 6*v + 3*v - 5. Give m(-3).
-2
Let r(f) = -f**3 + f**2 + 7*f - 7. Let t(h) = h**3 - h**2 - 8*h + 8. Let z(x) = 7*r(x) + 6*t(x). Give z(2).
-3
Let o(w) = -2*w**2 + 4*w - 2. Let r(a) = 3*a + 4. Let g be r(-4). Let h be 3 + -3 + 3 + g. Let l be (-2)/h + 13/5. Give o(l).
-8
Let q(t) = -2*t - 13. Suppose -3*h = -27 + 57. Give q(h).
7
Let z(m) be the first derivative of 4/3*m**3 - 2 - 3*m - 1/4*m**4 + 3*m**2. Let c(k) = k**2 + 3*k - 5. Let b be c(-5). What is z(b)?
2
Suppose -p = -l, 3 = -4*p - l - 12. Let q(z) be the first derivative of 2*z**3/3 + 5*z**2/2 + 4*z - 20. What is q(p)?
7
Let d(g) = -g**3 - 9*g**2 + 11*g + 12. Let v be d(-10). Let h(l) = l - l**2 - 4*l + l - v*l. Determine h(-3).
3
Let m(f) be the third derivative of -f**5/30 + 5*f**4/24 - f**3/3 - 12*f**2. Calculate m(3).
-5
Let k(d) = -4*d - 4. Suppose -8 = 4*g - u, -u + 20 = -6*u. Calculate k(g).
8
Let y = 12 - 7. Let g(w) be the third derivative of 0*w**3 + 1/60*w**y - 2*w**2 + 0 + 0*w + 0*w**4. Calculate g(-3).
9
Let t(n) be the first derivative of -4*n**3/3 + n + 2. Suppose 5*g = -2*l - 19, -3*g - 1 = -4*l - 0*g. Let z = 3 + l. What is t(z)?
-3
Suppose -15 = 3*w, 3*w - w + 6 = -g. Let c(o) = 5*o - 6*o - 3 + 3*o. What is c(g)?
5
Let m(i) be the third derivative of -i**5/60 - 5*i**4/24 - 2*i**3/3 + 5*i**2. Determine m(-4).
0
Let g(r) = r - 6. Suppose -9 = 3*i, 0 = -4*n - 2*i - 3*i - 15. Suppose -3*f + 12 = -n. Determine g(f).
-2
Let a(r) = -7*r + 2. Let m(t) = -t + 1. Let v(d) = a(d) - 5*m(d). What is v(-3)?
3
Let d(u) = -9 + 0*u + u - u**2 - 8*u. What is d(-6)?
-3
Let w(j) = j**2 + 9*j - 6. Let p be w(-10). Let t(c) = -c + 1. Calculate t(p).
-3
Let x(o) = -o**2 + o - 3. Suppose 4*p = p - 15. Let r be -2 - p - (-1 - -1). Suppose -2*h = r*h. What is x(h)?
-3
Let g(l) be the second derivative of -2*l**3/3 + l**2/2 - 4*l. Give g(2).
-7
Let u(z) = 4*z - 4. Let w(o) = 17*o - 17. Let l(v) = 18*u(v) - 4*w(v). Let b(q) = q**2 + 9. Let d be b(0). Let a = d - 5. What is l(a)?
12
Let u(j) be the second derivative of 2*j + 0 - 3/2*j**2 - 1/2*j**3. Determine u(3).
-12
Let b(t) = -2*t. Let p(l) = 1. Let g(f) = -b(f) + 6*p(f). Determine g(-4).
-2
Let h(q) be the second derivative of -q**4/12 + 7*q**3/6 - q**2/2 - 2*q. Let o be h(7). Let p(r) = 3*r**2 + 1 - r + r. Give p(o).
4
Suppose -10 = -3*z - h, -5*h = -0*h - 5. Suppose -2*j + 10 = 2*b, z*j - 2 + 19 = 5*b. Let m(n) = 9*n**2 + 1. Determine m(j).
10
Suppose 0 = 4*r, 2*u - 10 = -3*u + 3*r. Let c(h) = -3*h**u + 1 + 0 + 4*h**2 + 3 + h**3. Give c(0).
4
Let j(q) = -q - 5. Let s be (-2)/3*(-180)/8. Let g = 10 - s. What is j(g)?
0
Let i(o) = -o**2 - 8*o - 8. Suppose -2*l + 16 + 4 = -5*d, 0 = l + 5. Determine i(d).
4
Let i(g) be the second derivative of -g**5/20 - g**4/2 - g**3 - g**2/2 - 32*g. Give i(-5).
4
Let u(r) be the second derivative of r**3/3 + 3*r**2/2 + r. Suppose -3*b + 8 = -5*w, -8 = b - 0*w + w. Determine u(b).
-5
Let z(w) = 3*w + 1. Let k(p) = p + 1. Let n(h) = 5*k(h) - 3*z(h). Let a be 2/11 - 392/(-22). Suppose 5 = -2*j + 3*i, -3*j + 2*i + a = 6*i. Give n(j).
-6
Suppose 0 = f + 2*f, -2*u + 50 = f. Let x be 10/u - 44/10. Let h(j) = 4*j**2 - 2*j**3 + 0*j**3 - 4 - j + 3*j**3. Calculate h(x).
0
Let q(m) be the third derivative of m**5/10 + m**3/6 + 8*m**2. Calculate q(1).
7
Suppose 2*p - 30 = -2*o, -o + 3*p + 1 = 2. Let r = o - 18. Let j(f) = -f**2 - 7*f - 3. Calculate j(r).
-3
Let d(i) = 11*i. Suppose 3*q = 5*y - 17, -y - 5*q + 13 = y. Let b = 3 - y. What is d(b)?
-11
Suppose -2*h = h - 15. Let i(r) = r**2 - 4*r - 6. What is i(h)?
-1
Let o(q) = -5*q**2 - 5*q - 9. Let k(h) = 4*h**2 + 4*h + 8. Let v(c) = 6*k(c) + 5*o(c). Calculate v(-4).
-9
Let k(i) = 2*i - 3*i + 0 + 5. Let j = 27 - 22. What is k(j)?
0
Let b(k) = k**3 - 6*k**2 - 5*k - 10. Let d be 7 - (3 - 3)/(-1). What is b(d)?
4
Let r(i) = -4*i. Let b(f) = -f - 1. Suppose 2*l - 5*l + 24 = 0. Let y = l - 7. Let p(d) = y*b(d) + r(d). Calculate p(1).
-6
Let c(g) = -5*g + 2. Let p(m) = -14*m + 5. Let b(n) = 11*c(n) - 4*p(n). Calculate b(-9).
-7
Let x(y) = y**2 + 11*y + 6. Let h be x(-11). Let l(k) = -k - 1. Let r(c) = -8*c - 11. Let w(g) = h*l(g) - r(g). Determine w(-5).
-5
Let c(d) be the first derivative of -7*d**2/2 + 6*d + 1. Let j(z) be the second derivative of z**3/6 - z**2/2 - 3*z. Let x(k) = -c(k) - 6*j(k). Calculate x(0).
0
Suppose -5*a + 50 - 5 = 0. Suppose 3*w + a = 3. Let j(o) = -o - 1. What is j(w)?
1
Let r(s) = -3*s - 3. Suppose 2*v = 5*v - 5*j - 17, 0 = -3*v - 4*j + 8. Suppose -v*h + 2*u = 0, 0 = -2*h - 3*u + u - 12. Give r(h).
3
Let z = 74 + -71. Let v(j) = -j**2 + 2*j - 1. Calculate v(z).
-4
Let a be (-382)/(-18) - (-4)/(-18). Suppose g + 3*z = -9, -4*z - a = -9. Let k(t) = 14*t - 4. Let n(w) = -17*w + 5. Let b(d) = -6*k(d) - 5*n(d). What is b(g)?
-1
Let k(l) = l**2 - 3*l - 3. Let g be k(4). Suppose 1 + g = w. Let v(y) = -y + 4. What is v(w)?
2
Suppose 17*q = 16*q + 3. Let b(w) = -3*w + 1. Determine b(q).
-8
Let w(l) = -l**2 + 1. Let q(h) = -h**3 - 16*h**2 + 17*h - 2. Let r be q(-17). Determine w(r).
-3
Suppose -9*h = -4*h - 15. Let k(o) = 2*o + 2*o**2 - o**3 - 1 - 1 + 0*o**3. Calculate k(h).
-5
Let o(n) = -n**3 + 2*n**2 + 2*n + 3. Let s = -17 + 20. What is o(s)?
0
Let k(g) = -2*g**2 - 8*g + 1. Let x(y) = -3*y**2 - 9*y + 1. Let d(q) = 4*k(q) - 3*x(q). Let c be -4*((-6)/4 - 0). What is d(c)?
7
Suppose m = -5 + 1. Let i(s) = s**3 + 4*s**2 - 5*s - 3. Give i(m).
17
Let v(d) = -d**3 - 5*d**2 + 3. Let t(i) = -6*i + 1. Let r be t(1). What is v(r)?
3
Let y(b) = -2*b. Let r be y(1). Let s(m) be the first derivative of 2*m**2 - 1/4*m**4 - 3 + 1/3*m**3 + 3*m. Calculate s(r).
7
Let c(z) = 3 + z**2 + z - 4*z**3 + 3*z**3 + 4 - 3. Give c(3).
-11
Let u(a) be the first derivative of a**3/3 + 13*a**2/2 + 13*a + 59. Calculate u(-11).
-9
Let l(j) = -j**3 + 6*j**2 + j + 1. Let k be -3*6/45*-15. Determine l(k).
7
Let x(z) = z**3 - 4*z**2 + 2*z - 1. Let a(h) = h**2 + 4*h + 3. Let r be a(-4). What is x(r)?
-4
Let g(m) = 4 + 2*m - 4*m**2 - 42*m**3 + 15*m**3 + 26*m**3. What is g(-4)?
-4
Let q(o) = 6*o + 14. Let z(k) = -2*k - 5. Let p(x) = -3*q(x) - 8*z(x). Suppose 2*r - 2 - 14 = 4*a, -8 = -4*r. Give p(a).
4
Let n(k) = -k**2 - k - 11. Suppose -2 = g, 3*y - 4*g = 7 + 1. Calculate n(y).
-11
Let p(y) = 7*y - y**3 + 6*y + 8 + y**2 - 14*y. Let k = -4 - -6. Let q be (-2 - -2)/k + 0. Give p(q).
8
Let q(t) = 4*t - 3*t + 36 - 46. Suppose -15 = -4*c + 5. Determine q(c).
-5
Let x(b) = b + 4. Let a(k) = k + 4. Let q(g) = -5*a(g) + 4*x(g). Determine q(3).
-7
Suppose 5*k = 2*k + 6. Suppose -34 = -2*f + k. Let t be 1/(-4) + f/(-24). Let w(c) = 4*c**2 - c - 1. Determine w(t).
4
Let t = -1 + 10. Let z(h) = h**2 - 7*h - 3. Let l be z(8). Let b = t - l. Let n(x) = x**2 - 4*x + 6. What is n(b)?
6
Let w(a) be the third derivative of -a**5/60 - a**4/24 - 8*a**3/3 + 10*a**2. Calculate w(0).
-16
Suppose 12*h + 9 + 27 = 0. Let y(r) = -r**3 - r**2 + 2*r + 3. Calculate y(h).
15
Let q be (-27)/(-12) - (-2)/(-8). Suppose -q*k - 60 = -5*k. Suppose -5*v - k = -v. Let p(n) = n + 4. Determine p(v).
-1
Let u(c) = -3*c**3 - 3*c**2 + 3*c + 2. Let g(m) = m**3 - m**2 + m + 1. Let t(x) = 3*g(x) - u(x). What is t(1)?
7
Let a(n) = 2*n + 4. Suppose 0 = t - z, -4*z = 2*t - 7*t + 2. Let i(l) = 4*l + 7. Let v(p) = t*i(p) - 5*a(p). What is v(-5)?
4
Let c(k) be the second derivative of -k**3/6 + 6*k**2 + 4*k. Let z be c(11). Let l be z*(2 - 4*-1). Let w(x) = x**3 - 7*x**2 + 7*x - 1. Give w(l).
5
Let z(b) = -3*b - 1. Let g(l) be the second derivative of -7*l**3/6 - l**2/2 - 3*l. Let k(q) = 4*g(q) - 9*z(q). Let h be (1 + -1)/(4/(-2)). Give k(h).
5
Let g(n) = n**3 - 3*n**2 + 3. Let x(t) = 2*t + 23. Let k be x(-10). Calculate g(k).
3
Let l be (8 - 1)/(-1 - 0). Let r(w) = w**3 + 7*w**2 + w + 4. What is r(l)?
-3
Let u(l) = 5*l**3 - 8*l**2 - 8*l - 16. Let n(w) = -6*w**3 + 8*w**2 + 9*w + 17. Let f(v) = -6*n(v) - 7*u(v). What is f(-8)?
-6
Let p(y) = -2*y**3 - 3*y**2 - 4*y - 3. Let v(z) = 3*z + 7. Let b be v(-3). Determine p(b).
9
Let c(t) = -t**3 + t**2 + 1. Let i(w) = -w + 5. Let s be i(3). Give c(s).
-3
Let n(g) = 5*g**2 - g - 8. Let a(s) = -s**2 + s + 1. Let r(v) = 6*a(v) + n(v). Determine r(2).
4
Let v(t) = -15 - 5 + 10 - 2 - t**2. Determine v(0).
-12
Let n(x) = -x**2 + 3*x + 1. Suppose -4*f - 6 = -6*f. Give n(f).
1
Let p = -7 - -12. Let o